isor of 388 and 86.
2
Calculate the highest common divisor of 3690368 and 32.
32
Calculate the greatest common divisor of 5522 and 74045.
251
What is the highest common divisor of 84 and 6852?
12
Calculate the highest common divisor of 4088 and 616.
56
Calculate the highest common divisor of 9272 and 44840.
152
What is the highest common factor of 9219 and 12642?
21
What is the highest common factor of 28010 and 130?
10
What is the highest common factor of 249466 and 3114?
346
Calculate the highest common factor of 13 and 1165723.
13
Calculate the greatest common divisor of 1440904 and 4.
4
What is the greatest common divisor of 964 and 509956?
964
Calculate the highest common factor of 287 and 228739.
287
What is the greatest common divisor of 1284 and 782?
2
Calculate the highest common factor of 399 and 2351573.
133
What is the greatest common divisor of 61 and 330437?
61
What is the greatest common divisor of 806 and 3679?
13
Calculate the greatest common divisor of 175528 and 9176.
296
What is the highest common divisor of 1972 and 5508?
68
What is the highest common divisor of 571865 and 70?
35
Calculate the greatest common factor of 166 and 1899538.
166
What is the highest common divisor of 4968 and 6894?
18
What is the highest common divisor of 513 and 5771763?
513
What is the highest common factor of 6132 and 966?
42
Calculate the highest common divisor of 7272 and 2828.
404
Calculate the greatest common factor of 2870 and 83804.
574
What is the highest common divisor of 27 and 5638680?
27
What is the highest common divisor of 552 and 24312?
24
What is the highest common factor of 346080 and 412?
412
What is the greatest common divisor of 234 and 451413?
9
What is the greatest common divisor of 2354592 and 1152?
96
What is the highest common divisor of 908 and 1317508?
908
Calculate the highest common divisor of 526 and 5334166.
526
What is the greatest common factor of 4718 and 1569409?
337
Calculate the greatest common divisor of 683450 and 800.
50
What is the greatest common factor of 39031 and 307157?
1697
Calculate the highest common divisor of 518 and 74886.
14
Calculate the highest common factor of 1176 and 3892.
28
What is the greatest common factor of 2714 and 1081?
23
Calculate the highest common factor of 1204 and 1667196.
172
Calculate the highest common divisor of 628 and 5884360.
628
Calculate the greatest common divisor of 1426 and 15872.
62
Calculate the greatest common factor of 24 and 208344.
24
Calculate the highest common divisor of 696 and 4814.
58
What is the highest common divisor of 85695 and 5655?
435
Calculate the highest common factor of 2043790 and 70.
70
Calculate the highest common divisor of 84366 and 36.
18
What is the highest common divisor of 20 and 28020?
20
What is the greatest common factor of 489 and 309?
3
Calculate the highest common divisor of 115 and 19458.
23
Calculate the greatest common divisor of 30970 and 2090.
190
What is the highest common factor of 2000 and 80?
80
What is the greatest common factor of 199500 and 912?
228
Calculate the highest common divisor of 27820 and 5671.
107
Calculate the greatest common factor of 9786 and 21504.
42
Calculate the greatest common divisor of 36 and 333.
9
What is the greatest common factor of 75 and 174345?
15
Calculate the greatest common divisor of 2708181 and 623.
623
Calculate the highest common divisor of 418701 and 599.
599
Calculate the greatest common factor of 1659 and 21.
21
What is the highest common divisor of 1456 and 2639?
91
Calculate the highest common factor of 38 and 25726.
38
Calculate the highest common factor of 4360 and 40548.
436
Calculate the greatest common factor of 944 and 200.
8
What is the highest common divisor of 1155 and 526515?
165
Calculate the highest common factor of 48499 and 11.
11
What is the greatest common divisor of 1457 and 61287?
31
What is the greatest common divisor of 2048 and 2944?
128
What is the highest common divisor of 726040 and 1120?
280
Calculate the highest common divisor of 10379 and 535.
107
What is the greatest common factor of 19091 and 221?
17
Calculate the highest common factor of 3510 and 192465.
585
What is the greatest common divisor of 1414 and 160489?
707
What is the highest common divisor of 37 and 8797231?
37
What is the highest common divisor of 9456 and 9062?
394
Calculate the highest common factor of 68313 and 141.
3
Calculate the highest common factor of 36 and 759204.
36
Calculate the greatest common factor of 114276 and 214.
214
Calculate the highest common factor of 7869 and 2928.
183
Calculate the highest common factor of 3 and 20649.
3
Calculate the highest common divisor of 3967368 and 795.
159
What is the highest common divisor of 51025 and 468?
13
Calculate the highest common factor of 6080 and 4636.
76
What is the highest common divisor of 6 and 83442?
6
Calculate the greatest common divisor of 42020 and 1220.
20
What is the highest common divisor of 30218 and 116?
58
Calculate the greatest common factor of 285372 and 324.
36
What is the highest common divisor of 135 and 271185?
15
What is the greatest common factor of 2991 and 3?
3
Calculate the highest common divisor of 689 and 30212.
13
What is the highest common divisor of 582715 and 15?
5
Calculate the greatest common divisor of 44 and 45760.
44
What is the greatest common divisor of 39617 and 1384?
173
What is the highest common divisor of 130467 and 54846?
831
What is the highest common divisor of 3171 and 427?
7
What is the greatest common factor of 512 and 2259968?
512
What is the greatest common factor of 3239 and 1722?
41
What is the highest common divisor of 320 and 58490?
10
Calculate the greatest common divisor of 3150 and 4780125.
1575
Calculate the highest common divisor of 126 and 8892954.
126
Calculate the highest common factor of 244560 and 3120.
240
Calculate the highest common divisor of 568 and 201214.
142
What is the greatest common divisor of 224 and 4382?
14
Calculate the greatest common factor of 5213670 and 5.
5
Calculate the highest common factor of 583 and 2761.
11
Calculate the highest common divisor of 297 and 2233.
11
What is the highest common factor of 2158 and 130?
26
Calculate the highest common factor of 814 and 4990634.
814
Calculate the greatest common factor of 160 and 1137280.
160
What is the highest common factor of 1980 and 12078?
198
What is the highest common divisor of 26 and 1830803?
13
What is the greatest common divisor of 4 and 3352612?
4
Calculate the greatest common factor of 3353 and 42631.
479
Calculate the greatest common divisor of 4514 and 17141.
61
What is the greatest common divisor of 86 and 59?
1
What is the greatest common divisor of 84813 and 61531?
1663
What is the highest common divisor of 1029306 and 114?
114
Calculate the highest common divisor of 1224 and 3708.
36
Calculate the greatest common divisor of 732 and 25498.
122
What is the greatest common factor of 4634 and 18205?
331
Calculate the greatest common factor of 25112 and 657.
73
Calculate the highest common factor of 320 and 158560.
160
What is the highest common divisor of 64095 and 105?
15
What is the greatest common divisor of 38 and 103094?
38
What is the greatest common factor of 520 and 33956?
52
What is the highest common factor of 2475286 and 59?
59
Calculate the highest common divisor of 306 and 2800206.
306
Calculate the highest common divisor of 418 and 5522.
22
Calculate the greatest common factor of 452 and 7034363.
113
Calculate the greatest common factor of 56388 and 11988.
444
Calculate the greatest common divisor of 197772 and 12.
12
Calculate the greatest common divisor of 928 and 1282496.
928
Calculate the greatest common divisor of 24 and 507156.
12
Calculate the highest common divisor of 24 and 55194.
6
What is the highest common divisor of 956448 and 864?
864
Calculate the greatest common divisor of 648 and 280.
8
What is the highest common factor of 297636 and 3468?
204
What is the highest common divisor of 69 and 16077?
69
Calculate the greatest common factor of 10320 and 11280.
240
Calculate the greatest common divisor of 1641376 and 704.
352
What is the highest common factor of 11029 and 41?
41
What is the greatest common divisor of 1960 and 36440?
40
What is the 